{"id":11,"date":"2024-03-20T09:53:01","date_gmt":"2024-03-20T12:53:01","guid":{"rendered":"https:\/\/pontoweb.bmvix.com.br\/?page_id=11"},"modified":"2024-04-19T13:22:45","modified_gmt":"2024-04-19T16:22:45","slug":"experimente_gratis","status":"publish","type":"page","link":"https:\/\/pontoweb.bmvix.com.br\/index.php\/experimente_gratis\/","title":{"rendered":"experimente gratis"},"content":{"rendered":"\n<div style=\"height:36px\" aria-hidden=\"true\" class=\"wp-block-spacer\"><\/div>\n\n\n\n<h2 class=\"wp-block-heading has-text-align-center has-nv-dark-bg-color has-text-color has-link-color wp-elements-4eb2674ed41618fb2008ab9343f58cde\">EXPERIMENTE GR\u00c1TIS<\/h2>\n\n\n\n<h3 class=\"wp-block-heading has-text-align-center has-neve-text-color-color has-text-color has-link-color wp-elements-4ca26d03e9d46642d616b33b245e3582\">Escolha entre a vers\u00e3o Offline e WEB e experimente o sistema de forma gratu\u00edta, sem cadastrar cart\u00e3o de cr\u00e9dito.<\/h3>\n\n\n\n<figure class=\"wp-block-image aligncenter size-full is-resized\"><img decoding=\"async\" width=\"254\" height=\"124\" src=\"https:\/\/pontoweb.bmvix.com.br\/wp-content\/uploads\/2024\/04\/Logo-secullum-offline.jpg\" alt=\"\" class=\"wp-image-716\" style=\"width:254px;height:auto\"\/><\/figure>\n\n\n\n<div style=\"height:21px\" aria-hidden=\"true\" class=\"wp-block-spacer\"><\/div>\n\n\n\n<figure class=\"wp-block-image aligncenter size-full is-resized\"><a href=\"https:\/\/www.secullum.com.br\/SecullumPontoOffline-setup.exe\" target=\"_blank\" rel=\"noreferrer noopener\"><img fetchpriority=\"high\" decoding=\"async\" width=\"759\" height=\"111\" src=\"https:\/\/pontoweb.bmvix.com.br\/wp-content\/uploads\/2024\/03\/Teste-botao.jpg\" alt=\"\" class=\"wp-image-223\" style=\"width:222px;height:auto\" srcset=\"https:\/\/pontoweb.bmvix.com.br\/wp-content\/uploads\/2024\/03\/Teste-botao.jpg 759w, https:\/\/pontoweb.bmvix.com.br\/wp-content\/uploads\/2024\/03\/Teste-botao-300x44.jpg 300w\" sizes=\"(max-width: 759px) 100vw, 759px\" \/><\/a><\/figure>\n\n\n\n<div style=\"height:9px\" aria-hidden=\"true\" class=\"wp-block-spacer\"><\/div>\n\n\n\n<figure class=\"wp-block-image aligncenter size-full is-resized\"><a href=\"https:\/\/www.secullum.com.br\/pt\/canal-cliente\/perguntas\/1122\" target=\"_blank\" rel=\"noreferrer noopener\"><img decoding=\"async\" width=\"759\" height=\"111\" src=\"https:\/\/pontoweb.bmvix.com.br\/wp-content\/uploads\/2024\/03\/Botao-comunicador.jpg\" alt=\"\" class=\"wp-image-226\" style=\"width:226px;height:auto\" srcset=\"https:\/\/pontoweb.bmvix.com.br\/wp-content\/uploads\/2024\/03\/Botao-comunicador.jpg 759w, https:\/\/pontoweb.bmvix.com.br\/wp-content\/uploads\/2024\/03\/Botao-comunicador-300x44.jpg 300w\" sizes=\"(max-width: 759px) 100vw, 759px\" \/><\/a><\/figure>\n\n\n\n<div style=\"height:9px\" aria-hidden=\"true\" class=\"wp-block-spacer\"><\/div>\n\n\n\n<figure class=\"wp-block-image aligncenter size-full is-resized\"><a href=\"https:\/\/youtu.be\/2IKSNFEdOn4\" target=\"_blank\" rel=\"noreferrer noopener\"><img loading=\"lazy\" decoding=\"async\" width=\"759\" height=\"111\" src=\"https:\/\/pontoweb.bmvix.com.br\/wp-content\/uploads\/2024\/03\/Botao-video-primeiros-passos.jpg\" alt=\"\" class=\"wp-image-227\" style=\"width:225px;height:auto\" srcset=\"https:\/\/pontoweb.bmvix.com.br\/wp-content\/uploads\/2024\/03\/Botao-video-primeiros-passos.jpg 759w, https:\/\/pontoweb.bmvix.com.br\/wp-content\/uploads\/2024\/03\/Botao-video-primeiros-passos-300x44.jpg 300w\" sizes=\"(max-width: 759px) 100vw, 759px\" \/><\/a><\/figure>\n\n\n\n<figure class=\"wp-block-image aligncenter size-full is-resized\"><img loading=\"lazy\" decoding=\"async\" width=\"199\" height=\"227\" src=\"https:\/\/pontoweb.bmvix.com.br\/wp-content\/uploads\/2024\/04\/Logo-100-web-cortada.jpg\" alt=\"\" class=\"wp-image-718\" style=\"width:199px;height:auto\"\/><\/figure>\n\n\n\n<figure class=\"wp-block-image aligncenter size-full is-resized\"><a href=\"https:\/\/www.secullum.com.br\/arearestrita\/novo-cliente?t=3&amp;r=6774&amp;e=braz@bmvix.com.br&amp;d=15\" target=\"_blank\" rel=\"noreferrer noopener\"><img loading=\"lazy\" decoding=\"async\" width=\"759\" height=\"111\" src=\"https:\/\/pontoweb.bmvix.com.br\/wp-content\/uploads\/2024\/03\/Botao-registro-gratis.jpg\" alt=\"\" class=\"wp-image-231\" style=\"width:219px;height:auto\" srcset=\"https:\/\/pontoweb.bmvix.com.br\/wp-content\/uploads\/2024\/03\/Botao-registro-gratis.jpg 759w, https:\/\/pontoweb.bmvix.com.br\/wp-content\/uploads\/2024\/03\/Botao-registro-gratis-300x44.jpg 300w\" sizes=\"(max-width: 759px) 100vw, 759px\" \/><\/a><\/figure>\n\n\n\n<div style=\"height:9px\" aria-hidden=\"true\" class=\"wp-block-spacer\"><\/div>\n\n\n\n<figure class=\"wp-block-image aligncenter size-full is-resized\"><a href=\"https:\/\/sasecullum.blob.core.windows.net\/sasecullum\/Lista%20de%20Funcionalidades_SecullumPontoWeb_Mar%C3%A7o2024.pdf\" target=\"_blank\" rel=\"noreferrer noopener\"><img loading=\"lazy\" decoding=\"async\" width=\"759\" height=\"111\" src=\"https:\/\/pontoweb.bmvix.com.br\/wp-content\/uploads\/2024\/03\/Botao-lista-funcionalidades.jpg\" alt=\"\" class=\"wp-image-233\" style=\"width:223px;height:auto\" srcset=\"https:\/\/pontoweb.bmvix.com.br\/wp-content\/uploads\/2024\/03\/Botao-lista-funcionalidades.jpg 759w, https:\/\/pontoweb.bmvix.com.br\/wp-content\/uploads\/2024\/03\/Botao-lista-funcionalidades-300x44.jpg 300w\" sizes=\"(max-width: 759px) 100vw, 759px\" \/><\/a><\/figure>\n\n\n\n<div style=\"height:9px\" aria-hidden=\"true\" class=\"wp-block-spacer\"><\/div>\n\n\n\n<figure class=\"wp-block-image aligncenter size-full is-resized\"><a href=\"https:\/\/youtu.be\/_Q6O6GmFeKQ\" target=\"_blank\" rel=\"noreferrer noopener\"><img loading=\"lazy\" decoding=\"async\" width=\"759\" height=\"111\" src=\"https:\/\/pontoweb.bmvix.com.br\/wp-content\/uploads\/2024\/03\/Botao-video-primeiros-passos.jpg\" alt=\"\" class=\"wp-image-227\" style=\"width:219px;height:auto\" srcset=\"https:\/\/pontoweb.bmvix.com.br\/wp-content\/uploads\/2024\/03\/Botao-video-primeiros-passos.jpg 759w, https:\/\/pontoweb.bmvix.com.br\/wp-content\/uploads\/2024\/03\/Botao-video-primeiros-passos-300x44.jpg 300w\" sizes=\"(max-width: 759px) 100vw, 759px\" \/><\/a><\/figure>\n\n\n\n<div style=\"height:37px\" aria-hidden=\"true\" class=\"wp-block-spacer\"><\/div>\n","protected":false},"excerpt":{"rendered":"<p>EXPERIMENTE GR\u00c1TIS Escolha entre a vers\u00e3o Offline e WEB e experimente o sistema de forma gratu\u00edta, sem cadastrar cart\u00e3o de cr\u00e9dito.<\/p>\n","protected":false},"author":1,"featured_media":0,"parent":0,"menu_order":0,"comment_status":"closed","ping_status":"closed","template":"","meta":{"om_disable_all_campaigns":false,"_monsterinsights_skip_tracking":false,"_monsterinsights_sitenote_active":false,"_monsterinsights_sitenote_note":"","_monsterinsights_sitenote_category":0,"footnotes":""},"class_list":["post-11","page","type-page","status-publish","hentry"],"aioseo_notices":[],"_hostinger_reach_plugin_has_subscription_block":false,"_hostinger_reach_plugin_is_elementor":false,"_links":{"self":[{"href":"https:\/\/pontoweb.bmvix.com.br\/index.php\/wp-json\/wp\/v2\/pages\/11","targetHints":{"allow":["GET"]}}],"collection":[{"href":"https:\/\/pontoweb.bmvix.com.br\/index.php\/wp-json\/wp\/v2\/pages"}],"about":[{"href":"https:\/\/pontoweb.bmvix.com.br\/index.php\/wp-json\/wp\/v2\/types\/page"}],"author":[{"embeddable":true,"href":"https:\/\/pontoweb.bmvix.com.br\/index.php\/wp-json\/wp\/v2\/users\/1"}],"replies":[{"embeddable":true,"href":"https:\/\/pontoweb.bmvix.com.br\/index.php\/wp-json\/wp\/v2\/comments?post=11"}],"version-history":[{"count":72,"href":"https:\/\/pontoweb.bmvix.com.br\/index.php\/wp-json\/wp\/v2\/pages\/11\/revisions"}],"predecessor-version":[{"id":719,"href":"https:\/\/pontoweb.bmvix.com.br\/index.php\/wp-json\/wp\/v2\/pages\/11\/revisions\/719"}],"wp:attachment":[{"href":"https:\/\/pontoweb.bmvix.com.br\/index.php\/wp-json\/wp\/v2\/media?parent=11"}],"curies":[{"name":"wp","href":"https:\/\/api.w.org\/{rel}","templated":true}]}}